r of 34316 and 4232.
92
What is the greatest common factor of 52219 and 316?
79
Calculate the greatest common factor of 130891 and 332.
83
What is the highest common divisor of 444 and 87801?
111
Calculate the greatest common factor of 264024 and 5018.
386
What is the highest common factor of 217126 and 182?
182
Calculate the highest common factor of 608184 and 72.
72
Calculate the highest common factor of 451 and 173184.
451
What is the greatest common divisor of 1197 and 12159?
63
What is the highest common factor of 1450 and 1200?
50
What is the highest common divisor of 309336 and 120?
24
What is the highest common factor of 26866 and 378?
14
What is the highest common divisor of 34 and 270708?
34
Calculate the greatest common divisor of 45072 and 144.
144
What is the greatest common divisor of 888 and 299367?
111
What is the greatest common factor of 9800 and 2000?
200
Calculate the greatest common factor of 202117 and 6103.
359
What is the highest common factor of 96 and 130596?
12
Calculate the greatest common divisor of 1768 and 23528.
136
What is the highest common factor of 2448 and 9945?
153
Calculate the greatest common divisor of 29886 and 170.
34
Calculate the highest common factor of 13464 and 573012.
396
Calculate the greatest common factor of 1885 and 2015.
65
What is the greatest common divisor of 4945650 and 150?
150
Calculate the highest common divisor of 2316756 and 312.
156
Calculate the highest common divisor of 268175 and 2125.
425
Calculate the highest common factor of 56694 and 396.
66
Calculate the highest common divisor of 4384 and 154673.
137
What is the greatest common divisor of 52283 and 225137?
1067
What is the greatest common divisor of 27270 and 7474?
202
What is the highest common divisor of 139 and 5530949?
139
Calculate the greatest common factor of 16408 and 5656.
56
What is the greatest common divisor of 15430 and 110?
10
What is the highest common factor of 21 and 3225?
3
Calculate the highest common divisor of 32 and 86904.
8
What is the highest common divisor of 41224 and 8?
8
Calculate the greatest common divisor of 49073 and 31.
31
What is the greatest common divisor of 305390 and 10?
10
Calculate the highest common divisor of 1744438 and 17.
17
Calculate the highest common divisor of 985 and 87271.
197
Calculate the greatest common divisor of 88 and 23386.
22
Calculate the greatest common divisor of 597468 and 132.
12
What is the greatest common factor of 105 and 50995?
35
What is the greatest common factor of 6761880 and 8?
8
What is the greatest common factor of 168 and 696096?
24
Calculate the greatest common factor of 2184 and 5028.
12
Calculate the greatest common divisor of 72 and 71.
1
Calculate the greatest common divisor of 7157 and 508989.
421
Calculate the highest common factor of 6490 and 3960.
110
Calculate the highest common divisor of 1048 and 24.
8
Calculate the highest common divisor of 2595 and 75774.
519
What is the greatest common divisor of 80 and 20260?
20
Calculate the highest common factor of 70 and 8330.
70
Calculate the highest common factor of 9 and 54441.
9
Calculate the highest common divisor of 32300 and 110.
10
Calculate the highest common factor of 365398 and 33.
11
What is the greatest common factor of 1062 and 5074?
118
Calculate the greatest common factor of 3233813 and 11.
11
Calculate the greatest common factor of 1788 and 2028.
12
What is the highest common factor of 159 and 12795?
3
Calculate the highest common factor of 483 and 7176.
69
Calculate the greatest common divisor of 6630 and 478890.
510
Calculate the greatest common divisor of 100713 and 3009.
177
Calculate the greatest common divisor of 2317 and 22036.
7
What is the greatest common factor of 5397 and 3798717?
771
Calculate the highest common divisor of 1466 and 88693.
733
What is the greatest common divisor of 273645 and 135?
135
What is the greatest common divisor of 18006 and 45?
3
What is the greatest common divisor of 35 and 24185?
35
What is the greatest common divisor of 3755 and 50?
5
What is the highest common divisor of 148 and 50764?
148
What is the highest common factor of 17290 and 49070?
70
What is the greatest common divisor of 66 and 37576?
22
Calculate the greatest common factor of 84 and 255444.
84
What is the highest common factor of 2044 and 13724?
292
Calculate the highest common factor of 21151 and 143.
13
What is the highest common factor of 55515 and 15?
15
What is the highest common divisor of 204961 and 97?
97
What is the greatest common factor of 205 and 316930?
205
What is the greatest common factor of 9 and 15003?
9
What is the greatest common divisor of 49516 and 4?
4
What is the highest common divisor of 93575 and 1425?
475
Calculate the greatest common factor of 1407576 and 19988.
1052
What is the highest common divisor of 518773 and 246?
41
Calculate the greatest common divisor of 262470 and 4420.
130
Calculate the greatest common factor of 99075 and 75.
75
What is the highest common divisor of 6929 and 45799?
169
What is the highest common divisor of 22440 and 11616?
264
What is the highest common divisor of 232034 and 53?
53
What is the highest common factor of 23184 and 656?
16
What is the highest common factor of 1436 and 18309?
359
Calculate the highest common factor of 71351 and 7.
7
What is the greatest common factor of 62976 and 246?
246
What is the highest common factor of 609 and 547323?
21
What is the highest common divisor of 891250 and 9982?
1426
What is the highest common factor of 21627 and 78?
3
What is the highest common divisor of 9415 and 2850862?
1883
What is the greatest common factor of 60188 and 2214?
82
What is the greatest common factor of 3387153 and 726?
363
Calculate the greatest common divisor of 70158 and 66.
66
Calculate the highest common factor of 5782 and 434.
14
What is the highest common divisor of 989 and 10019?
43
Calculate the greatest common factor of 89280 and 25.
5
What is the highest common divisor of 8096 and 91696?
176
Calculate the highest common factor of 31434 and 186.
186
What is the greatest common factor of 8442 and 45?
9
Calculate the greatest common divisor of 1338318 and 447.
447
Calculate the highest common divisor of 902399 and 379.
379
What is the highest common factor of 3453 and 3?
3
Calculate the highest common factor of 12 and 146244.
12
Calculate the highest common factor of 344 and 16039.
43
Calculate the highest common divisor of 49426 and 2366.
26
Calculate the greatest common factor of 38 and 91789.
19
Calculate the greatest common factor of 37 and 352943.
37
Calculate the highest common factor of 516 and 1052382.
258
Calculate the greatest common factor of 686 and 5782.
98
What is the highest common factor of 522750 and 442?
34
What is the highest common factor of 186660 and 5440?
340
What is the greatest common factor of 177625 and 525?
175
Calculate the highest common factor of 3455 and 125.
5
Calculate the greatest common factor of 27356 and 56.
28
Calculate the greatest common factor of 4807 and 11799.
437
What is the highest common factor of 75 and 15?
15
Calculate the greatest common divisor of 6131792 and 16.
16
Calculate the highest common divisor of 22 and 1056902.
22
Calculate the highest common divisor of 42 and 539322.
42
What is the greatest common divisor of 136 and 18751?
17
What is the highest common divisor of 34 and 306833?
17
What is the highest common factor of 6 and 4894?
2
Calculate the greatest common divisor of 15 and 2721.
3
Calculate the greatest common factor of 191592 and 5184.
216
Calculate the greatest common factor of 5526 and 35612.
614
What is the greatest common factor of 2358 and 105750?
18
What is the highest common divisor of 6954786 and 321?
321
What is the highest common factor of 129708 and 900?
36
What is the highest common factor of 4 and 365798?
2
Calculate the greatest common divisor of 7 and 5005.
7
Calculate the highest common factor of 4362 and 66.
6
What is the highest common factor of 646 and 100453?
323
Calculate the highest common factor of 147 and 38829.
21
What is the greatest common factor of 10582210 and 10?
10
What is the greatest common factor of 95 and 920455?
95
Calculate the greatest common divisor of 568697 and 5105.
1021
What is the h